e highest common divisor of a and 72.
36
Let z(m) = -6*m**3 - 40*m**2 - 88*m + 16. Let n be z(-4). Let j = -266 - -474. Calculate the greatest common divisor of n and j.
16
Suppose -20*m + 22*m = 550. Let w(j) = -6*j - 4. Let f be w(-2). Let n(r) = r + 17. Let t be n(f). Calculate the highest common divisor of t and m.
25
Suppose -4*u - 11 = -3*u. Let z = u - 59. Let f be (z/4)/((-15)/60). What is the highest common factor of 14 and f?
14
Let p be 4120/(-6)*-12*9*4/96. What is the highest common factor of p and 40?
10
Suppose 16816 = -37*g + 20812. What is the greatest common factor of g and 96?
12
Suppose 0 = 28*r - 9*r + 114. Let k be (-828)/(-26) - -5*r/(-195). What is the highest common factor of k and 608?
32
Suppose 20*r - 21*r - 105 = 0. Let q = r + 109. Calculate the greatest common factor of q and 18.
2
Suppose -5618*j + 5608*j = -25830. Calculate the highest common divisor of 1008 and j.
63
Let h be ((-12675)/(-36) - 280/120) + 1/4. What is the greatest common divisor of 250 and h?
50
Suppose -3*p = -3*s - 609, 0 = p - 2*p - 4*s + 208. Suppose -p = 3*k - 5*k. Suppose -26 - k = -8*c. Calculate the greatest common divisor of c and 32.
16
Let b(l) = 9*l**2 + 63*l + 150. Let u be b(-9). What is the greatest common divisor of u and 8?
8
Suppose -2*o - 928 = 2*i, 6*o - o - 458 = i. Let z = -458 - i. Calculate the highest common divisor of z and 85.
5
Let b be ((-81)/18)/(6/(-4)). Suppose 3*i = -5*m + 108, -6*i - 92 = -b*m - i. Calculate the greatest common divisor of m and 24.
24
Let n = 258 - 253. Suppose 3*y + 140 = 2*f, -8*f + 3*y + 350 = -3*f. Suppose -f = -6*p + 4*p. What is the greatest common divisor of p and n?
5
Let p be 8/4 + (-7 - 1). Let h be ((-99)/4)/(p/32). Let f(s) = -s**3 - 16*s**2 - 29*s + 8. Let d be f(-14). Calculate the highest common factor of h and d.
22
Let o = 243 - 133. Suppose 55*m - 3857 = -1657. Calculate the greatest common divisor of o and m.
10
Let w(t) = 8*t + 74. Let a be w(-9). Let k be 0/(2 + -3 + -1). Suppose k = -a*d - 6*d + 576. Calculate the greatest common divisor of d and 9.
9
Let m be (-2)/7*4/((-8)/14). Let s be m/((-2)/(-23))*2. Let p be (-424)/(-14) - (s/14 + -3). What is the greatest common factor of p and 50?
10
Let c be (3 + 3)*4/8. Let x be c - (1 - (-4)/1*-11). What is the highest common divisor of 253 and x?
23
Suppose d - 5*d - 1680 = -3*q, q = 0. Let n = 444 + d. Calculate the greatest common factor of 24 and n.
24
Let p(y) = 17*y**2 + 147*y + 1773. Let d be p(-12). Calculate the greatest common divisor of 117 and d.
117
Suppose -2*n + 612 = 3*d - 4*n, -4*n + 176 = d. What is the highest common divisor of 375 and d?
25
Let g(l) = 45*l - 20. Let u = -93 - -97. Let a be g(u). What is the greatest common divisor of 40 and a?
40
Let g(h) = -2*h**2 + 55*h + 25. Let q be g(28). Let a be (q/(18/(-20)))/((-42)/(-63)). Calculate the highest common factor of a and 115.
5
Let r be 10*(-3 + 4 + (-1208)/(-40)). Suppose 0 = -5*i + 3457 - r. Calculate the highest common factor of i and 37.
37
Suppose 0*c - c = 3*f - 466, -3*f + 472 = -2*c. Let i = 9567 - 9561. What is the greatest common divisor of f and i?
6
Let i = -271 + 1918. Calculate the greatest common divisor of 108 and i.
27
Suppose -4*q + 467748 = 67*q. What is the highest common factor of q and 488?
244
Let p = -77389 + 77405. Let y(g) = -g**3 + g**2 + 2*g - 4. Let s be y(-5). What is the greatest common factor of p and s?
8
Suppose -3*q = -7 + 1, -5*u = -4*q - 422. Suppose 5*r = u + 2099. Calculate the highest common factor of 38 and r.
19
Suppose -9*m + 336 = -15*m. Let y = 34 + m. Let f be y/(-4) + 1/2. What is the highest common divisor of f and 12?
6
Suppose 3*i + 219 = -3*w, 7*w - 4*w + 226 = 4*i. Let s be w/(-8) + 6/(-24). Calculate the highest common factor of s and 63.
9
Let d(m) = -2*m**3 - 33*m**2 + 13*m - 4. Let s be d(-17). Calculate the highest common factor of s and 736.
32
Let r = 3 + 26. Suppose -24*x = -r*x + 90. What is the highest common factor of 10 and x?
2
Suppose -210 = -3*p + p. Suppose -j + 5*w + 131 = 6*w, -4*j - 2*w = -542. What is the greatest common divisor of j and p?
35
Suppose -3*j + 30 = 7*j. Suppose 0*t + t - 11 = -3*h, -91 = -5*t + j*h. Suppose 8 = -4*p, 3*p + t = 5*f - 29. Calculate the highest common divisor of 20 and f.
4
Let s(t) be the second derivative of -t**4/12 - t**3/3 + t**2/2 - t. Suppose 36*r = -104*r + r. Let h be s(r). Calculate the greatest common factor of h and 4.
1
Let h(i) = -6*i + 10. Let s be h(-6). Let l = 57 - s. Calculate the highest common factor of l and 407.
11
Let o(u) = -u - 12. Suppose s + 2 = 3*b, -2*s = -0*s + 5*b + 59. Let z be o(s). What is the highest common factor of z and 25?
5
Suppose 0 = -5*b + 16*b + 4444. Let k = -392 - b. Let g be (-1 - 7)*(-2 - -1). Calculate the highest common factor of g and k.
4
Suppose 9447 = 14*u - 6*u + 9431. Let h(c) = -3*c - 1 + 3*c - c + 4. Let o be h(2). What is the greatest common factor of u and o?
1
Suppose 5*d + 4*i = 246, 116 = 4*d + i - 83. Suppose -9*n + 76 = -d. Calculate the greatest common divisor of n and 448.
14
Let q be 6255/225 - 3/(-15). Calculate the highest common factor of 602 and q.
14
Suppose 5*x - 8414 = -v, 3*v - 342*x + 340*x - 25361 = 0. Calculate the highest common factor of v and 119.
119
Let t(z) be the second derivative of z**4/12 + 5*z**3/3 + 19*z**2/2 + 72*z. Let b be t(-14). Calculate the highest common divisor of 15 and b.
15
Suppose 0 = 18*l - l. Let z(o) = -7*o + 290. Let c be z(l). Calculate the greatest common divisor of c and 58.
58
Suppose 11*l = -318 + 2826. Calculate the highest common divisor of l and 108.
12
Suppose -x = -0*x - 2*t - 155, 0 = 4*x + t - 602. Suppose -15*g - 209 = 571. Let f = x + g. What is the greatest common factor of f and 9?
9
Let f be (117/(-10))/(-3) - (-13)/130. Suppose -5*r - f*s + 43 = -51, -3*r - 4*s + 58 = 0. Calculate the highest common divisor of r and 12.
6
Let w be (13624/(-14))/(-2) - 104/182. Let v = w - 363. What is the greatest common factor of v and 41?
41
Suppose 0 = -5*w + 25*h - 26*h + 1620, -3*h = -w + 340. What is the highest common factor of w and 10?
5
Let y = -561 - -489. Let q be (-3192)/(-132) - (y/(-33) + -2). Calculate the greatest common factor of q and 672.
24
Suppose -68*b + 72 + 984 = 28*b. What is the greatest common factor of 3817 and b?
11
Let z be ((-3)/(-2))/(2/8). Suppose 0 = -z*i + 2*i + 308. Suppose 2*d - 5 - 8 = 3*v, 0 = 16*v - 48. Calculate the greatest common divisor of i and d.
11
Suppose 5*v - v + 4*v = 0. Suppose -2*z - 3*n = -29, -2*z - 4*n - 5 + 37 = v. Calculate the highest common factor of 170 and z.
10
Let g(v) = v**2 - 4*v + 4. Let i be g(7). Let n(s) = -36*s - 8. Let k be n(-1). Suppose -17*b - 110 = -k*b. What is the greatest common divisor of b and i?
5
Let f = -12310 + 12886. What is the greatest common factor of f and 135?
9
Let b be (-6 - (-85)/10) + (-2)/4. Suppose 0 = -8*i - b*i + 140. Let v = 1 + 6. What is the highest common divisor of v and i?
7
Let a be 4/94 + (-150410)/(-4183). What is the greatest common divisor of 2796 and a?
12
Let y = -3235 - -3373. Calculate the highest common divisor of y and 2001.
69
Suppose 5 = -5*z, -3*z + 937 = 5*x - 610. What is the highest common factor of x and 248?
62
Suppose -35*w + 1342 = -443. What is the greatest common divisor of w and 442?
17
Let r be (4 + 78/(-21))*7. Let y be r - (-2 + 75/(-3)). Let k be (1/5)/((-3)/(-870)). What is the highest common factor of y and k?
29
Let h = -14979 - -15681. Calculate the highest common divisor of 594 and h.
54
Let v = -6251 - -6275. What is the highest common factor of v and 600?
24
Let a(f) = -23 + 9 - 17*f + 118. Let m be a(5). Suppose -r + 190 = 4*r. What is the greatest common factor of m and r?
19
Let q(o) = -15*o + 63. Let n be q(4). Suppose p - n*a - a - 76 = 0, -8 = -4*a. Calculate the highest common divisor of 588 and p.
84
Suppose -3*s + 103 = 5*l, 0 = 3*s - 3*l + 5 - 68. What is the greatest common divisor of s and 2093?
13
Suppose 0 = -5*v + v + 576. Let x(o) = -o**3 + 20*o**2 + 23*o - 62. Let z be x(21). Let d be 15/10*(4 - z). What is the greatest common divisor of v and d?
36
Suppose -3*n + 9 = -4*s, 0*n + 8 = -n + 5*s. Let q = 26 + -12. Suppose -q*f + 7 = -13*f. What is the greatest common factor of f and n?
7
L